or of 483 and 863121.
483
What is the greatest common divisor of 420 and 129990?
210
What is the greatest common factor of 14794 and 83074?
1138
What is the greatest common divisor of 108 and 75033?
27
Calculate the greatest common divisor of 200 and 16.
8
What is the greatest common divisor of 3000 and 5800?
200
What is the greatest common divisor of 122539 and 5377?
283
Calculate the greatest common divisor of 13475 and 825.
275
Calculate the greatest common divisor of 30650 and 250.
50
What is the greatest common factor of 7048 and 2196?
4
What is the greatest common factor of 2944 and 3634?
46
What is the greatest common divisor of 522 and 15718?
58
Calculate the greatest common factor of 1279775 and 7.
7
Calculate the greatest common divisor of 264770 and 10.
10
What is the greatest common divisor of 184 and 262292?
92
Calculate the highest common divisor of 230628 and 48.
12
Calculate the greatest common divisor of 22 and 230054.
22
Calculate the greatest common factor of 24163 and 8275.
331
What is the highest common divisor of 1324146 and 4378?
398
Calculate the highest common divisor of 10 and 24550.
10
What is the greatest common divisor of 5525 and 83200?
325
Calculate the highest common divisor of 853118 and 28.
14
Calculate the greatest common divisor of 5002 and 164.
82
What is the highest common factor of 1610 and 44275?
805
What is the greatest common divisor of 4080 and 14712?
24
What is the greatest common factor of 2754 and 2788?
34
What is the highest common factor of 7420 and 7980?
140
What is the highest common divisor of 3936 and 180?
12
What is the highest common factor of 1930 and 1158?
386
Calculate the greatest common factor of 1904 and 118456.
136
What is the greatest common divisor of 11455 and 2610?
145
What is the greatest common factor of 36404 and 19?
19
What is the greatest common factor of 439936 and 16?
16
What is the greatest common factor of 6 and 178323?
3
Calculate the highest common factor of 23560 and 32680.
760
What is the greatest common divisor of 9415 and 5111?
269
Calculate the greatest common factor of 1433 and 3389045.
1433
What is the greatest common factor of 92211 and 189?
21
What is the greatest common divisor of 124692 and 120?
12
Calculate the highest common divisor of 1683 and 969.
51
What is the highest common divisor of 44 and 68?
4
What is the greatest common factor of 792475 and 275?
25
Calculate the greatest common divisor of 220 and 5360.
20
Calculate the highest common divisor of 6296 and 40.
8
What is the greatest common factor of 68 and 162724?
68
Calculate the greatest common factor of 34275 and 375.
75
What is the highest common factor of 873270 and 1395?
1395
What is the greatest common factor of 73233 and 195597?
927
Calculate the highest common factor of 280 and 171880.
40
Calculate the greatest common factor of 105314 and 407.
11
What is the greatest common divisor of 364 and 21532?
28
What is the greatest common divisor of 72 and 2223?
9
Calculate the highest common divisor of 76446 and 959.
137
Calculate the highest common divisor of 1188 and 1238.
2
What is the greatest common divisor of 4267 and 816?
17
Calculate the highest common divisor of 4 and 328756.
4
Calculate the highest common factor of 54 and 796542.
6
What is the highest common divisor of 60 and 29550?
30
Calculate the greatest common factor of 164 and 257644.
164
Calculate the highest common divisor of 3395 and 120862.
679
Calculate the greatest common divisor of 330 and 79365.
165
Calculate the highest common divisor of 3570024 and 1368.
456
Calculate the greatest common divisor of 4867 and 471.
157
What is the greatest common factor of 9 and 176382?
9
What is the greatest common divisor of 276 and 23453652?
276
Calculate the highest common factor of 1974 and 66.
6
Calculate the highest common divisor of 187110 and 810.
810
What is the greatest common divisor of 13 and 20020?
13
What is the highest common factor of 23138 and 6?
2
What is the greatest common divisor of 702 and 42147?
27
What is the greatest common factor of 211 and 19632917?
211
What is the highest common divisor of 1 and 60278?
1
What is the highest common factor of 1868746 and 5892?
982
Calculate the highest common factor of 6714 and 162.
18
Calculate the greatest common factor of 446408 and 1640.
328
What is the highest common divisor of 925722 and 27?
27
What is the highest common factor of 31132 and 43?
43
What is the highest common divisor of 496 and 2000?
16
What is the greatest common divisor of 256 and 1016?
8
What is the highest common divisor of 17922 and 261?
87
What is the highest common factor of 1428 and 104034?
42
What is the greatest common factor of 403 and 25761?
31
What is the greatest common factor of 1884834 and 147?
147
Calculate the greatest common divisor of 129265 and 2575.
515
Calculate the highest common divisor of 867 and 256921.
289
What is the greatest common factor of 232 and 18531?
29
Calculate the highest common factor of 169215 and 348.
87
What is the highest common factor of 719843 and 12179?
641
What is the highest common factor of 405915 and 105?
15
Calculate the highest common factor of 225433 and 416.
13
What is the highest common factor of 1722480 and 96?
48
Calculate the greatest common factor of 40 and 14456.
8
What is the highest common factor of 8658 and 247?
13
What is the greatest common factor of 86986 and 31?
31
Calculate the greatest common factor of 18392 and 1178.
38
What is the highest common divisor of 2560 and 100?
20
What is the highest common divisor of 42716 and 22444?
724
Calculate the highest common factor of 504 and 124572.
84
Calculate the highest common factor of 28 and 11501.
7
Calculate the highest common factor of 639 and 801.
9
What is the highest common factor of 33 and 336213?
3
Calculate the greatest common divisor of 86484 and 300.
12
What is the highest common factor of 48 and 7906992?
48
Calculate the greatest common factor of 252 and 28740.
12
What is the highest common factor of 5588 and 1100?
44
Calculate the highest common divisor of 1383 and 17057.
461
What is the greatest common factor of 66902 and 76?
2
What is the highest common divisor of 3170 and 8559?
317
What is the greatest common factor of 490 and 1026550?
490
What is the greatest common factor of 7525 and 1642600?
1075
What is the greatest common divisor of 6885 and 24057?
81
What is the greatest common factor of 1760 and 6875?
55
Calculate the highest common factor of 12717 and 218544.
471
Calculate the greatest common divisor of 3871 and 18565.
79
Calculate the greatest common divisor of 621 and 1449.
207
What is the greatest common factor of 84 and 199976?
28
Calculate the highest common divisor of 40172 and 27588.
484
What is the greatest common divisor of 53680 and 385?
55
Calculate the greatest common divisor of 18444 and 1798.
58
What is the highest common divisor of 62456 and 444?
148
What is the greatest common factor of 2239 and 5?
1
Calculate the greatest common factor of 1778153 and 46.
23
Calculate the highest common divisor of 332659 and 29.
29
Calculate the highest common divisor of 222 and 4292.
74
What is the greatest common factor of 3941 and 360883?
563
What is the highest common factor of 30 and 204378?
6
What is the greatest common factor of 36524 and 571680?
1588
What is the greatest common factor of 578977 and 749?
749
Calculate the greatest common divisor of 772604 and 4018.
574
What is the highest common factor of 4720 and 8555?
295
Calculate the greatest common factor of 84 and 3516.
12
Calculate the greatest common factor of 165 and 29920.
55
Calculate the greatest common factor of 2536 and 712.
8
Calculate the greatest common factor of 289 and 359431.
17
What is the greatest common factor of 42 and 106302?
42
What is the greatest common factor of 1437 and 3902413?
479
Calculate the greatest common factor of 2135 and 35.
35
What is the greatest common divisor of 94 and 109?
1
What is the greatest common factor of 132108 and 99408?
1308
What is the greatest common divisor of 1433428 and 584?
292
What is the highest common divisor of 443597 and 539?
539
Calculate the highest common factor of 869 and 209.
11
Calculate the greatest common factor of 2454446 and 15218.
2174
Calc